{"id":199,"date":"2017-07-19T23:16:16","date_gmt":"2017-07-19T21:16:16","guid":{"rendered":"http:\/\/qwa0ga1kwoydh0lw.myfritz.net\/svannenheide\/?page_id=199"},"modified":"2017-12-11T12:50:36","modified_gmt":"2017-12-11T11:50:36","slug":"mitgliedschaften","status":"publish","type":"page","link":"https:\/\/svannenheide.de\/?page_id=199","title":{"rendered":"Mitgliedschaften"},"content":{"rendered":"<p>Der Sch\u00fctzenverein Annenheide e.V. von 1920 geh\u00f6rt den folgenden Verb\u00e4nden an:<\/p>\n<table id=\"Inhalt\" border=\"0\" width=\"696\" cellspacing=\"0\" cellpadding=\"0\">\n<tbody>\n<tr>\n<td align=\"center\" valign=\"top\" width=\"200\"><img loading=\"lazy\" decoding=\"async\" class=\"alignnone size-full wp-image-210\" src=\"http:\/\/svannenheide.de\/wp-content\/uploads\/2017\/07\/GSB.jpg\" alt=\"\" width=\"150\" height=\"150\" srcset=\"https:\/\/svannenheide.de\/wp-content\/uploads\/2017\/07\/GSB.jpg 150w, https:\/\/svannenheide.de\/wp-content\/uploads\/2017\/07\/GSB-100x100.jpg 100w\" sizes=\"auto, (max-width: 150px) 100vw, 150px\" \/><\/td>\n<td align=\"left\" valign=\"center\" width=\"400\"><span style=\"font-size: small;\"><br \/>\n<a href=\"gsb.html\">Ganderkeseer Sch\u00fctzenbund von 1910<br \/>\n<\/a><br \/>\ndem 11 weitere Vereine angeh\u00f6ren.<br \/>\n<\/span><\/td>\n<td><\/td>\n<\/tr>\n<tr>\n<td align=\"center\" valign=\"top\" width=\"200\"><img loading=\"lazy\" decoding=\"async\" class=\"alignnone size-full wp-image-209\" src=\"http:\/\/svannenheide.de\/wp-content\/uploads\/2017\/07\/SKD.jpg\" alt=\"\" width=\"150\" height=\"163\" \/><\/td>\n<td align=\"left\" valign=\"CENTER\" width=\"400\"><span style=\"font-size: small;\"><br \/>\n<a href=\"http:\/\/www.sk-delmenhorst.de\">Sch\u00fctzenkreis Delmenhorst und Umgebung e.V.<br \/>\n<\/a><br \/>\n<\/span><\/td>\n<td><\/td>\n<\/tr>\n<tr>\n<td align=\"center\" valign=\"top\" width=\"200\"><img loading=\"lazy\" decoding=\"async\" class=\"alignnone wp-image-208 size-full\" src=\"http:\/\/svannenheide.de\/wp-content\/uploads\/2017\/07\/OSB.gif\" alt=\"\" width=\"150\" height=\"171\" \/><\/td>\n<td align=\"left\" valign=\"CENTER\" width=\"400\"><span style=\"font-size: small;\"><br \/>\n<a href=\"http:\/\/www.oldenburger-schuetzenbund.de\">Oldenburger Sch\u00fctzenbund e.V.<br \/>\n<\/a><br \/>\nEdewechter Landstra\u00dfe 52<br \/>\n26131 Oldenburg<br \/>\n<\/span><\/td>\n<td><\/td>\n<\/tr>\n<tr>\n<td align=\"center\" valign=\"top\" width=\"200\"><img loading=\"lazy\" decoding=\"async\" class=\"alignnone wp-image-207 size-full\" src=\"http:\/\/svannenheide.de\/wp-content\/uploads\/2017\/07\/nwdsb.gif\" alt=\"\" width=\"150\" height=\"144\" \/><\/td>\n<td align=\"left\" valign=\"CENTER\" width=\"400\"><span style=\"font-size: small;\"><br \/>\n<a href=\"http:\/\/www.nwdsb-online.de\">Nordwestdeutscher Sch\u00fctzenbund e.V.<br \/>\n<\/a><br \/>\nPostfach 13 20<br \/>\n27203 Bassum<br \/>\n<\/span><\/td>\n<td><\/td>\n<\/tr>\n<tr>\n<td align=\"center\" valign=\"top\" width=\"200\"><img loading=\"lazy\" decoding=\"async\" class=\"alignnone size-full wp-image-206\" src=\"http:\/\/svannenheide.de\/wp-content\/uploads\/2017\/07\/dsb.gif\" alt=\"\" width=\"150\" height=\"95\" \/><\/td>\n<td align=\"left\" valign=\"CENTER\" width=\"400\"><span style=\"font-size: small;\"><br \/>\n<a href=\"http:\/\/www.schuetzenbund.de\">Deutscher Sch\u00fctzenbund e.V.<br \/>\n<\/a><br \/>\nLahnstra\u00dfe 120<br \/>\n65195 Wiesbaden<br \/>\n<\/span><\/td>\n<td><\/td>\n<\/tr>\n<tr>\n<td align=\"center\" valign=\"top\" width=\"200\"><img loading=\"lazy\" decoding=\"async\" class=\"alignnone wp-image-205 size-full\" src=\"http:\/\/svannenheide.de\/wp-content\/uploads\/2017\/07\/Fachverband.gif\" alt=\"\" width=\"150\" height=\"148\" \/><\/td>\n<td align=\"left\" valign=\"CENTER\" width=\"400\"><span style=\"font-size: small;\"><span style=\"font-size: small;\">Fachverband Schie\u00dfsport<\/span><\/span><\/p>\n<p>im Stadtsportbund Delmenhorst e.V. undim Landessportbund Niedersachsen e.V.<\/td>\n<td><\/td>\n<\/tr>\n<tr>\n<td align=\"center\" valign=\"top\" width=\"200\">&nbsp;<\/p>\n<p><img loading=\"lazy\" decoding=\"async\" class=\"alignnone size-full wp-image-204\" src=\"http:\/\/svannenheide.de\/wp-content\/uploads\/2017\/07\/11193732.jpg\" alt=\"\" width=\"152\" height=\"60\" srcset=\"https:\/\/svannenheide.de\/wp-content\/uploads\/2017\/07\/11193732.jpg 152w, https:\/\/svannenheide.de\/wp-content\/uploads\/2017\/07\/11193732-150x60.jpg 150w\" sizes=\"auto, (max-width: 152px) 100vw, 152px\" \/><\/td>\n<td align=\"left\" valign=\"CENTER\" width=\"400\"><span style=\"font-size: small;\"><span style=\"font-size: small;\"><span style=\"font-size: small;\"><br \/>\n<a href=\"http:\/\/www.stadtsportbund-delmenhorst.de\">Stadtsportbund Delmenhorst e.V.<br \/>\n<\/a><br \/>\nSulinger Str. 103<br \/>\n27751 Delmenhorst<\/span><\/span><\/span><\/td>\n<td><\/td>\n<\/tr>\n<tr>\n<td align=\"center\" valign=\"top\" width=\"200\"><img loading=\"lazy\" decoding=\"async\" class=\"alignnone wp-image-211 size-full\" src=\"http:\/\/svannenheide.de\/wp-content\/uploads\/2017\/07\/Unknown.png\" alt=\"\" width=\"150\" height=\"150\" srcset=\"https:\/\/svannenheide.de\/wp-content\/uploads\/2017\/07\/Unknown.png 150w, https:\/\/svannenheide.de\/wp-content\/uploads\/2017\/07\/Unknown-100x100.png 100w\" sizes=\"auto, (max-width: 150px) 100vw, 150px\" \/><\/td>\n<td align=\"left\" valign=\"CENTER\" width=\"400\"><span style=\"font-size: small;\"><span style=\"font-size: small;\"><br \/>\n<a href=\"http:\/\/www.lsb-niedersachsen.de\">LandesSportBund Niedersachsen e.V.<br \/>\n<\/a><br \/>\nFerd.-Wilh.-Fricke-Weg 10<br \/>\n30169 Hannover<\/span><\/span><\/td>\n<td><\/td>\n<\/tr>\n<\/tbody>\n<\/table>\n","protected":false},"excerpt":{"rendered":"<p>Der Sch\u00fctzenverein Annenheide e.V. von 1920 geh\u00f6rt den folgenden Verb\u00e4nden an: Ganderkeseer Sch\u00fctzenbund von 1910 dem 11 weitere Vereine angeh\u00f6ren. Sch\u00fctzenkreis Delmenhorst und Umgebung e.V. Oldenburger Sch\u00fctzenbund e.V. Edewechter Landstra\u00dfe 52 26131 Oldenburg Nordwestdeutscher Sch\u00fctzenbund e.V. Postfach 13 20 27203 Bassum Deutscher Sch\u00fctzenbund e.V. Lahnstra\u00dfe 120 65195 Wiesbaden Fachverband Schie\u00dfsport im Stadtsportbund Delmenhorst e.V. undim &hellip; <\/p>\n<p class=\"link-more\"><a href=\"https:\/\/svannenheide.de\/?page_id=199\" class=\"more-link\"><span class=\"screen-reader-text\">\u201eMitgliedschaften\u201c <\/span>weiterlesen<\/a><\/p>\n","protected":false},"author":1,"featured_media":0,"parent":0,"menu_order":0,"comment_status":"closed","ping_status":"closed","template":"","meta":{"footnotes":""},"class_list":["post-199","page","type-page","status-publish","hentry"],"_links":{"self":[{"href":"https:\/\/svannenheide.de\/index.php?rest_route=\/wp\/v2\/pages\/199","targetHints":{"allow":["GET"]}}],"collection":[{"href":"https:\/\/svannenheide.de\/index.php?rest_route=\/wp\/v2\/pages"}],"about":[{"href":"https:\/\/svannenheide.de\/index.php?rest_route=\/wp\/v2\/types\/page"}],"author":[{"embeddable":true,"href":"https:\/\/svannenheide.de\/index.php?rest_route=\/wp\/v2\/users\/1"}],"replies":[{"embeddable":true,"href":"https:\/\/svannenheide.de\/index.php?rest_route=%2Fwp%2Fv2%2Fcomments&post=199"}],"version-history":[{"count":5,"href":"https:\/\/svannenheide.de\/index.php?rest_route=\/wp\/v2\/pages\/199\/revisions"}],"predecessor-version":[{"id":323,"href":"https:\/\/svannenheide.de\/index.php?rest_route=\/wp\/v2\/pages\/199\/revisions\/323"}],"wp:attachment":[{"href":"https:\/\/svannenheide.de\/index.php?rest_route=%2Fwp%2Fv2%2Fmedia&parent=199"}],"curies":[{"name":"wp","href":"https:\/\/api.w.org\/{rel}","templated":true}]}}